 -99 - -37. Let s(i) = i**3 - 8*i**2 + 2*i + 2. Let j be s(3). Let q = j - z. List the prime factors of q.
5
Let q(m) = 8*m**2 - 31*m**3 + 70*m**3 - 5*m + 15 - 40*m**3. List the prime factors of q(7).
29
Suppose 3*o = r - 651, 90*r - 2564 = 86*r + 2*o. What are the prime factors of r?
3, 71
Let v(s) = 27*s - 202. List the prime factors of v(30).
2, 19
Suppose 22*r = -16688 + 64516. List the prime factors of r.
2, 1087
Suppose -k = -2*k - 2*c + 1877, -1857 = -k + 3*c. What are the prime factors of k?
3, 7, 89
Suppose 3*w - 7*w - 188 = -4*q, -4*w + 52 = q. List the prime factors of q.
2, 3
Let i be 2/1 + (-54 - 0). Let y = -18 + i. List the prime factors of -3 + (-6)/(12/y).
2
What are the prime factors of 126/(-15)*140/(-3)?
2, 7
Let j(n) = -35 + 79*n + 18 + 62*n + 15. What are the prime factors of j(1)?
139
Let g(n) = n**3 + 29*n**2 + 94*n + 55. List the prime factors of g(-25).
5, 41
Suppose -52*p - 20 = -57*p. Suppose 0 = -4*y - 20, -p*k - 2*y = -k - 212. What are the prime factors of k?
2, 37
Suppose 3*z = -5*z + 4*z. Suppose -10*x + 705 + 425 = z. What are the prime factors of x?
113
Let l(o) = 28*o**2 + 6*o + 35. What are the prime factors of l(-5)?
3, 5, 47
Let v = 4566 - 2457. What are the prime factors of v?
3, 19, 37
Let h = -10 + 20. Suppose -2 + h = 2*m, -4*y = 5*m - 28. Suppose 0 = 3*i + g - 40, -i = -g - y - 6. List the prime factors of i.
2, 3
Let j = 134 - 138. What are the prime factors of 3*(13/3 - j)?
5
Suppose -3*p - 3*f + 4*f = 3, 4*p + 5*f = -4. List the prime factors of (p/2)/((-4)/408).
3, 17
What are the prime factors of -2*726/(-36) + 1/(-3)?
2, 5
Let v(a) = a**2 + 14*a + 19. Let w be v(-7). List the prime factors of -3 + ((-12)/10)/(w/2000).
7, 11
Suppose -d + 764 = 2*m, 2*d = 6*m - 5*m + 1513. What are the prime factors of d?
2, 379
Let h(r) = 144*r**2 - 2*r + 3. Suppose 0 = -y + 3 - 2. List the prime factors of h(y).
5, 29
Suppose -4*b + 279 = -357. List the prime factors of b.
3, 53
Let z = 228 + -154. What are the prime factors of z?
2, 37
Let w(j) = j**3 + 25*j**2 - 2*j - 37. Let t be w(-25). Suppose t - 175 = -o. What are the prime factors of o?
2, 3
Let x = 72 + 571. List the prime factors of x.
643
Suppose 5*t - 154 = 651. Suppose 5*l = -41 + t. List the prime factors of l.
2, 3
What are the prime factors of ((-45)/(-135))/(2/594)?
3, 11
Let a(v) = -47*v + 27. What are the prime factors of a(-3)?
2, 3, 7
Let a be ((-3)/5)/(1/(-5)). Let l = -92 - -94. Suppose 5*v - l*u = 244, -u - a*u = v - 62. List the prime factors of v.
2, 5
Suppose 0 = -3*z + 2*i + 11147, -4*z - 3*i - 1836 + 16693 = 0. List the prime factors of z.
5, 743
Let f(c) = -2*c + 10. Let x be f(7). Let d be 1 - (x + -1 + -1). List the prime factors of 8/4 + 0 + d.
3
Let o(w) = 114*w**2 + 5*w - 16. What are the prime factors of o(2)?
2, 3, 5
Let s(j) = -j + 7. Let w be s(5). Suppose 293 = -4*x + 6*x + 5*n, 0 = -w*n + 10. List the prime factors of x.
2, 67
Suppose -4*i = 5*f + 1854, f - 2*i - 740 = 3*f. Let z = 539 + f. What are the prime factors of z?
3, 5, 11
Suppose c = -5*b + 815, -8*b = -11*b - 9. List the prime factors of c.
2, 5, 83
Let k(z) = z**2 - 11*z + 5. Let i be k(7). What are the prime factors of i/4*(-11 - 1)?
3, 23
Let s(n) = 2*n**2 - 11*n + 4. Let l be s(9). Let x = l - -24. Suppose 3*j = -28 + x. What are the prime factors of j?
3, 7
Let k = -7 + 11. Suppose -30 = -2*b + 2*o, 4*o + 1 + k = -b. Let u(r) = 3*r - 11. What are the prime factors of u(b)?
2, 11
Let c = 15 - 13. Let i be (12/10)/(c/235). Suppose 5*f + u = i, -5*u = 2*f + 14 - 75. List the prime factors of f.
2, 7
List the prime factors of (-8785)/105*(-2 - 1).
251
Let w(u) = -u**3 + 7*u**2 + 95. List the prime factors of w(0).
5, 19
Let t be (-16)/(4/(-2)) - -4. Suppose 0 = -4*j - t, -2*y - 2 = 3*j - 143. List the prime factors of y.
3, 5
Let s be (-4)/6 + 29400/63. Suppose s = -31*y + 33*y. List the prime factors of y.
233
Let n = -41 + 37. Let u(v) = v**2 + 4*v + 10. List the prime factors of u(n).
2, 5
Let z(j) = -j**2 + 16*j + 14. Let q be z(6). Suppose -2*v + 3*a = -q, -v - 2*a = 3*v - 180. What are the prime factors of v?
43
Let m(g) = g + 14. Let q(j) = -4*j - 43. Let i(p) = 7*m(p) + 2*q(p). Let b be i(10). Let k(y) = 26*y - 1. What are the prime factors of k(b)?
3, 17
Suppose 5*x + 4 = x. Let a(i) = -49*i**3 - 3*i**2 + 2*i + 2. Let f(o) = -o**3 + o**2 - o - 1. Let w(d) = a(d) + 3*f(d). What are the prime factors of w(x)?
2, 13
Let i(s) = -s + 8. Let f(p) = -2*p - 18. Let x be f(-11). List the prime factors of i(x).
2
Suppose 3*u - 6*u = 12. List the prime factors of 63 + ((-4)/u)/1.
2
Let k = 101 + 139. Suppose 4*x + 20 = k. List the prime factors of x.
5, 11
Suppose -x = 4*w - 2, 3*x + 5 = w - 15. Let h be 6/(x/9*-3). Suppose -h*l + 1 = -65. List the prime factors of l.
2, 11
Let k(t) = t + 3. Let z be k(-1). Suppose -4*f = -z*m - 3*m - 315, f = -4*m + 105. What are the prime factors of f?
5, 17
Let w be (2 + -29)*(-2)/6. Let i(l) = 50 - 91 + 53 + 3*l. What are the prime factors of i(w)?
3, 13
Suppose 2*f + 4*r - 9 = -1, -f + 4*r - 2 = 0. Suppose f*u = -3*u + 130. Suppose 2*y + y - u = -a, -22 = -3*y - 2*a. What are the prime factors of y?
2, 5
Let s = 3 - -11. Let q be (-8)/(-28) + 220/s. Let f = 53 - q. List the prime factors of f.
37
Suppose 4*g - 3*m - 142 = 0, -g + m - 168 = -6*g. What are the prime factors of (g/4)/(4/24)?
3, 17
Suppose 0 = -3*d + 1 + 8. Suppose d*q = -2*q + 25. Suppose -4*s - 2*c + 37 = 3*c, -q*s = -5*c - 80. List the prime factors of s.
13
Let g(m) = -5*m**3 - 11*m**2 + 80*m - 14. List the prime factors of g(-9).
2, 5, 101
Let p(z) = -128*z - 48. What are the prime factors of p(-6)?
2, 3, 5
Let x(r) = 3*r - 25. Suppose -2*h + 4*j = 3*h - 40, 4*h + 3*j = 32. Let k be (-5)/((-5)/h) + 3. What are the prime factors of x(k)?
2
List the prime factors of ((-1575)/(-14))/(-15)*-166.
3, 5, 83
Let v be 4*2/16*14. Suppose -v*b + 645 = -10*b. What are the prime factors of (-2)/(-8) - b/20?
11
Suppose -5763 = -7*y + 16714. What are the prime factors of y?
13, 19
Suppose 3*o - 3220 = -11*o. List the prime factors of o.
2, 5, 23
Let s(n) be the first derivative of -n**4/4 + 5*n**3 + 7*n**2/2 + 36*n - 21. What are the prime factors of s(15)?
3, 47
Let v = -33 + 50. Let l = v + 104. What are the prime factors of l?
11
Let p(u) = u**3 + 8*u**2 - 4*u - 29. Let v be p(-8). Suppose 2*n + 4*m = 3*n - 91, -v*m = -3*n + 264. List the prime factors of n.
3, 29
Let n(i) = i**3 + 17*i**2 - 20*i - 11. Let m be n(-18). Suppose -4*z + 0*z - 5 = -5*y, 5*y - m = 0. List the prime factors of z.
5
Suppose 13*h + 3*r + 24 = 14*h, 0 = h + 5*r + 16. List the prime factors of h.
3
What are the prime factors of 140/(-6)*(-2 - (-3)/6)?
5, 7
Let m(s) = 3*s**2 + 53. List the prime factors of m(-11).
2, 13
Let o be (-1)/(-2) + -113*(-2)/4. Suppose 0 = -4*j + o + 3. List the prime factors of j.
3, 5
Let l = 318 - 229. What are the prime factors of l?
89
Suppose -16545 = 9*i - 24*i. What are the prime factors of i?
1103
Suppose -m + 3 = 3*w - 14, -6 = -3*m. Suppose -2*t + 5*b = 15 - 80, -t + w*b = -45. What are the prime factors of 57*(2 + t/(-12))?
19
Let c = -11 - -15. Let v(p) = -4*p**2 + 2*p - 3. Let s be v(1). Let t = c - s. List the prime factors of t.
3
Let w = 336 + 158. What are the prime factors of w?
2, 13, 19
Let w = 23 + -24. Let n(x) = x**2 - 7*x - 10. Let t be n(7). Let h = w - t. List the prime factors of h.
3
List the prime factors of (174 - 32)/(2/35).
5, 7, 71
Suppose -15*y + 418 = -13*y. What are the prime factors of y?
11, 19
Let l = -32 - -29. Let s be (l/(-6))/((-2)/(-48)). Suppose s = r + 1. What are the prime factors of r?
11
Suppose 960 = -19*t + 10346. What are the prime factors of t?
2, 13, 19
Let n be 172/20 - (-4)/10. Suppose 11*g - n*g - 70 = 0. What are the prime factors of g?
5, 7
Let w be (-16)/(-1 + 5) + -5. Let k be (1 - 48)*(-11 - w). Suppose -4*n - 86 = -3*p + 6, -3*p = -2*n - k. List the prime factors of p.
2
Let x = 16 - 23. Let r be (-18)/12*20/(-3). Let j = x + r. List the prime factors of j.
3
Suppose u = -z + 16 + 74, 0 = -3*u - 5*z + 262. Let h = 185 - u. What are the prime factors of h?
7, 13
Let k(n) = 4*n**2 + 53*n - 83. What are the prime factors of k(-23)?
2, 11, 37
Let i(k) = -2*k + 9. Let f be i(10). Let c = 15 + f. Suppose -4